omposite?
True
Is 11356103 prime?
False
Is 531689 a composite number?
False
Is 2170145 a composite number?
True
Is 689753 a prime number?
False
Is 19480705 a composite number?
True
Is 225471049 a composite number?
True
Is 22035889 a prime number?
False
Is 38416943 a prime number?
True
Is 34291165 a prime number?
False
Is 102433 a composite number?
False
Is 8090671 a composite number?
False
Is 1069259 a composite number?
True
Is 16590721 a prime number?
False
Is 2446879 a composite number?
False
Is 4280117 a composite number?
False
Is 54811 a composite number?
True
Is 34772377 prime?
True
Is 509281 a prime number?
True
Is 7520989 composite?
True
Is 3401066 composite?
True
Is 105130607 a prime number?
True
Is 16321957 a prime number?
True
Is 160423805 composite?
True
Is 4143157 composite?
True
Is 30366511 composite?
True
Is 48991989 a composite number?
True
Is 2674673 composite?
False
Is 1381151 a prime number?
False
Is 114901 a prime number?
True
Is 249236123 composite?
False
Is 5468311 prime?
True
Is 3014105 prime?
False
Is 195832951 a prime number?
True
Is 395282911 prime?
False
Is 351370727 prime?
True
Is 13735999 composite?
False
Is 4878073 a composite number?
False
Is 12453157 prime?
True
Is 1976141 prime?
True
Is 18402157 a prime number?
True
Is 9352381 prime?
True
Is 3360391 prime?
True
Is 43049171 a composite number?
True
Is 3480973 composite?
False
Is 24304723 a composite number?
True
Is 6985037 composite?
False
Is 40842287 a prime number?
False
Is 1628897 prime?
True
Is 15413149 prime?
False
Is 3898183 a composite number?
False
Is 414095983 prime?
False
Is 3980737 a prime number?
False
Is 964693 prime?
True
Is 4469969 composite?
True
Is 2392697 prime?
True
Is 7189151 prime?
True
Is 79912763 composite?
True
Is 20442401 a prime number?
False
Is 214930271 a composite number?
False
Is 643201499 prime?
True
Is 1512361 a prime number?
True
Is 758526179 composite?
True
Is 1434863 a composite number?
True
Is 2128891 a prime number?
True
Is 501378271 composite?
False
Is 534730363 a composite number?
False
Is 766729 composite?
True
Is 18617735 a composite number?
True
Is 93145553 a composite number?
False
Is 1731401 a prime number?
False
Is 16644137 composite?
False
Is 335170769 composite?
True
Is 10847807 a prime number?
True
Is 462827 prime?
True
Is 810055817 prime?
True
Is 7662701 prime?
True
Is 1428837 composite?
True
Is 49088954 prime?
False
Is 5069651 a prime number?
False
Is 3834703 prime?
True
Is 1350487 composite?
False
Is 12357427 a composite number?
True
Is 17918333 a prime number?
True
Is 25073 composite?
False
Is 1743683 prime?
False
Is 2510041 a prime number?
True
Is 2263881 composite?
True
Is 5850031 a composite number?
True
Is 148916923 prime?
False
Is 13609247 composite?
False
Is 3601817 a prime number?
False
Is 49061 prime?
False
Is 335341 a composite number?
False
Is 3503233 prime?
False
Is 226435303 prime?
False
Is 6252853 composite?
False
Is 8467363 a composite number?
True
Is 145767157 composite?
False
Is 437744159 a prime number?
True
Is 12676823 a prime number?
True
Is 22097497 a prime number?
False
Is 6297581 composite?
False
Is 77439907 a composite number?
True
Is 2205859 a prime number?
False
Is 206273227 a prime number?
True
Is 7187153 composite?
False
Is 12028531 composite?
False
Is 155726063 a prime number?
True
Is 959023 prime?
False
Is 465877 a prime number?
False
Is 128924279 a prime number?
False
Is 11551217 prime?
False
Is 21680279 prime?
True
Is 565585091 composite?
False
Is 37981091 prime?
False
Is 297133 prime?
True
Is 3320869 a prime number?
True
Is 547518689 prime?
True
Is 124194067 a composite number?
True
Is 31448111 a prime number?
True
Is 14024117 prime?
True
Is 16416185 a prime number?
False
Is 4036498 a prime number?
False
Is 30205697 a composite number?
False
Is 176334667 prime?
True
Is 7866611 a composite number?
False
Is 65285167 a prime number?
True
Is 857201 composite?
False
Is 287524031 prime?
True
Is 5678333 prime?
False
Is 74384213 composite?
False
Is 570837859 prime?
True
Is 10059331 composite?
True
Is 93339353 prime?
False
Is 175691257 a composite number?
True
Is 72388741 composite?
True
Is 11325697 a composite number?
False
Is 22455959 a composite number?
False
Is 239263 a composite number?
False
Is 4560649 a composite number?
True
Is 23136515 a prime number?
False
Is 283352543 prime?
True
Is 71351383 a composite number?
False
Is 19131965 composite?
True
Is 55517291 prime?
False
Is 11099653 a composite number?
False
Is 368497 a composite number?
True
Is 1847002 a composite number?
True
Is 6140469 prime?
False
Is 2951211 composite?
True
Is 55867697 prime?
True
Is 2092579 composite?
True
Is 180166187 composite?
True
Is 36653 prime?
True
Is 25557223 a prime number?
False
Is 51900847 a prime number?
False
Is 6248423 prime?
False
Is 16199033 composite?
False
Is 128465 prime?
False
Is 33193141 a composite number?
False
Is 46668098 a prime number?
False
Is 4912069 a composite number?
False
Is 4191821 a composite number?
True
Is 2769971 composite?
True
Is 245906695 composite?
True
Is 74596537 a prime number?
False
Is 133872511 prime?
False
Is 5950823 a composite number?
False
Is 301609459 a composite number?
True
Is 4123066 composite?
True
Is 12639937 prime?
False
Is 90169 a prime number?
False
Is 9443218 a composite number?
True
Is 5699641 a prime number?
False
Is 50768563 composite?
False
Is 5038214 a prime number?
False
Is 3466223 composite?
False
Is 2236237 a composite number?
False
Is 410282503 prime?
False
Is 1203527581 composite?
False
Is 9792571 a composite number?
False
Is 88211 prime?
True
Is 33282421 a composite number?
True
Is 294243541 a composite number?
True
Is 69040577 composite?
True
Is 2274887 a composite number?
False
Is 56925769 composite?
False
Is 17391133 a prime number?
False
Is 360803 composite?
False
Is 233477 a prime number?
True
Is 2283301 prime?
True
Is 5578297 prime?
False
Is 49020077 a prime number?
True
Is 55993381 a prime number?
True
Is 2156849 a prime number?
True
Is 14461 a prime number?
True
Is 966817 composite?
False
Is 148176773 prime?
False
Is 12494213 prime?
True
Is 10417969 prime?
True
Is 1378373 prime?
True
Is 430210577 a prime number?
False
Is 5325979 a prime number?
False
Is 86623897 composite?
False
Is 229941299 a prime number?
False
Is 48272039 composite?
False
Is 3409205 prime?
False
Is 8708897 prime?
False
Is 1768009 a composite number?
True
Is 153741487 composite?
False
Is 42304931 a prime number?
True
Is 10063267 prime?
True
Is 6169781 prime?
True
Is 1504379 composite?
False
Is 139184035 a prime number?
False
Is 3081259 a prime number?
True
Is 59964127 prime?
True
Is 45439463 composite?
True
Is 65843161 composite?
True
Is 3796645 a prime number?
False
Is 114108101 composite?
False
Is 146269447 prime?
True
Is 5691071 a prime number?
True
Is 50314321 a prime number?
True
Is 24267197 composite?
True
Is 106780789 prime?
False
Is 6798665017 a prime number?
True
Is 397469 a composite number?
False
Is 944071 a composite number?
False
Is 2448487 composite?
True
Is 2767823 prime?
True
Is 4943771 composite?
True
Is 16257307 a composite number?
True
Is 18865939 a prime number?
True
Is 2754203 a composite number?
False
Is 1260163 prime?
True
Is 45130147 prime?
True
Is 1843579 prime?
True
Is 235933403 a composite number?
False
Is 2657393 composite?
False
Is 61451539 a composite number?
True
Is 6527231 composite?
True
Is 16744577 a composite number?
False
Is 103878193 prime?
True
Is 4033159 a prime number?
False
Is 71816077 composite?
True
Is 9419777 a composite number?
True
Is 198883873 composite?
False
Is 55727281 a prime number?
True
Is 79489213 prime?
True
Is 6158435 a composite number?
True
Is 1058555 composite?
True
Is 7802854 a composite number?
True
Is 72351947 a composite number?
False
Is 1918897 prime?
True
Is 279809063 a composite number?
False
Is 1297686017 a prime number?
True
Is 37602491 a composite number?
True
Is 6409471 prime?
True
Is 21967019 a composite number?
False
Is 358327 composite?
False
Is 1163563 prime?
False
Is 77825549 prime?
True
Is 139651073 a composite number?
True
Is 72086479 prime?
True
Is 3155137 a composite number?
False
Is 141721681 a prime number?
True
Is 12603299 a prime number?
True
Is 3699841 a prime number?
True
Is